 Determine n(m).
-10
Suppose -j + 5*c + 4 = -10, 14 = -j - 2*c. Let b(q) = q**3 + 6*q**2 + q + 8. Determine b(j).
2
Let k(p) be the third derivative of -p**6/720 - p**4/24 - p**2. Let b(i) be the second derivative of k(i). Let l be (6/4)/((-21)/(-70)). Determine b(l).
-5
Let q(k) = -5*k**2 - 8*k - 1. Let d(o) = o**2 + o. Suppose 5*l - 6 - 12 = 2*c, -5*l = -4*c - 16. Let n(p) = l*d(p) + q(p). Determine n(-5).
-6
Suppose -5*k + 8 = -4*o, -o - 3 = -3*k + 6. Let a(b) be the first derivative of 1/2*b**2 - 1 + b - 4/3*b**3 + 1/4*b**4. Give a(o).
-5
Let s(z) = 0*z - 13*z**2 + 7*z**2 + 7*z**2 - 3 + z**3 + 3*z. Let p(q) = -q**3 - 3*q + 3. Let f(r) = 5*p(r) + 4*s(r). Calculate f(3).
3
Let f(o) = -o**2 - o - 1. Let z(d) = -d**3 + 9*d**2 + d + 6. Let a(k) = 2*f(k) + z(k). Determine a(7).
-3
Let m(i) = -i**2 - 2. Suppose -5*a + 6 = -3*a. Give m(a).
-11
Let v(d) = -d**3 + 5*d**2 + 1. Let b(t) be the third derivative of -t**2 + 3/8*t**4 + 5/6*t**3 - 1/60*t**5 + 0*t + 0. Let r be b(9). Calculate v(r).
1
Let z(w) = -w**2 - 4*w + 1. Let n be (-105)/20 + 2/8. Calculate z(n).
-4
Let a(v) be the second derivative of v**4/12 - v**3/3 + 3*v**2/2 + 18*v. Determine a(4).
11
Suppose 2*a = 5*m + 38, 5*a = 3*m - 0 + 19. Let l(o) = -o**2 - 6*o + 11. Give l(m).
-5
Let v(h) = -3*h**2 + 2 - 2*h - 1 + 6*h**2 + 5*h**2. What is v(1)?
7
Let d(j) be the third derivative of -j**6/120 + j**5/20 + j**4/12 + j**3/3 + j**2. Give d(4).
-6
Let m(j) = -j - 7. Suppose -2*w - 6 = 0, -3*b - 2 - 7 = -3*w. Determine m(b).
-1
Let p(y) = y**2 + 5*y + 5. Let c(u) = -u - 8. Let j be c(-5). Let o be p(j). Let r(l) = 7*l**3 - l**3 + 2*l + 1 - l**3 + l**2. Give r(o).
-5
Let d(w) = -w**3 - 2*w**2 + w - 2. Suppose 0 = -4*y + 5*v - 2*v + 3, -5*y - 40 = 5*v. Let n be d(y). Let z(m) = m - 1. Calculate z(n).
3
Let g(r) = -r**3 + 5*r**2 + 2*r - 3. Let v(w) = -w + 11. Let d be -1*-3*(6 - 4). Let z be v(d). Give g(z).
7
Let z = -16 - -18. Let s(w) = 7*w**2 - 4 - w - 4 + z*w - w**3 - 6*w. Calculate s(6).
-2
Let i(x) be the third derivative of x**5/12 + x**4/24 - x**3/6 + 12*x**2. What is i(1)?
5
Suppose -8 = -13*r + 9*r. Let b(w) = w**3 - 3*w**2 + 3*w - 1. Determine b(r).
1
Let k(d) = 12*d + 4*d + 2*d - 17*d. Suppose 20 = -8*s + 4*s + 4*v, -s - 4*v - 20 = 0. Let r = s + 6. Calculate k(r).
-2
Let w(g) = g**2 + 3*g - 5. Suppose -2*i + 3 + 4 = o, 4*i - 16 = 0. Suppose 0 = -5*h - 0*h - 20. Let n = h + o. Determine w(n).
5
Let q(i) = i**2 - 11*i + 11. Let o be q(10). Let y(u) = -u**2 + 1 - 9*u + 6*u - o. Calculate y(-4).
-4
Let k(q) = -q - 4. Suppose -4*p = 5*f - 4*f - 32, -2*f = 0. Let s = p + -13. Calculate k(s).
1
Let v(g) be the third derivative of g**4/8 + g**3/2 + 29*g**2. Calculate v(-4).
-9
Let h(r) = r**3 - 3*r**2 - r + 3. Let j be (-54)/(-12)*(-4)/(-3). Let t = -3 + j. What is h(t)?
0
Let z(a) = 6*a - 9. Let k(d) = -d - 11. Let g = -18 - -10. Let b be k(g). Let m(p) = 5*p - 8. Let u(v) = b*z(v) + 4*m(v). Determine u(4).
3
Let k(u) = -3 + 1 + 4 + u. Determine k(-3).
-1
Let b(u) be the second derivative of -u**4/6 - u**3/2 + 2*u**2 + 5*u. Give b(-3).
-5
Let m(i) = -10*i**2 + 2*i - 7. Let p(q) = 9*q**2 - 2*q + 5. Let g(z) = -3*m(z) - 4*p(z). Suppose -f = 1 - 0. Determine g(f).
-7
Suppose -2*h + 2*o = -20, -4*h - h - 4*o = -32. Let u be 4*((-30)/h)/(-3). Let f(r) = -2 - 3*r + 4*r**2 - 3*r**2 - 2. Determine f(u).
6
Let p(v) be the second derivative of -v**4/12 + v**3 + 4*v. Let u be (-3 + 4)/(1/6). Determine p(u).
0
Suppose 4*m - 4 = 0, 3*m - 4 - 7 = 2*j. Let a(x) = -3*x**3 + x**2 - x - 1. Let l be a(-1). Let i(h) = 5*h**2 - l + 2*h + 1 - 4*h**2 - 2. Determine i(j).
3
Let s(l) be the first derivative of -l**4/4 + 5*l**3/3 + l**2 + 2*l + 14. Give s(5).
12
Let s(l) = -l**3 + l - 2. Let r be (1/1 - -3)/(-1 + 3). Calculate s(r).
-8
Let o(u) be the first derivative of 3*u**2/2 - 4*u - 9. Determine o(4).
8
Suppose 20 = 5*z - 0*g - 3*g, -5*g = -5*z + 30. Let n(w) = -5*w**3 - 2*w**2 + 2*w - 1. Determine n(z).
-6
Let n(d) = d - 2. Suppose 7 - 3 = u. Determine n(u).
2
Let d be (-2)/6 - (-7)/3. Let s(r) = 14 - 4*r**d - 7 + r**2 + 2*r**2. Calculate s(0).
7
Let d(i) be the first derivative of -i**3/3 + i - 16. Let x(o) = -o**3 + o**2 - 2*o + 1. Let b be x(1). Determine d(b).
0
Let w(b) = -3*b - 4. Let l be ((-8)/(-1))/4 - -2. Suppose -4*d + l = 0, -3*c + 4*d - 8 - 5 = 0. Calculate w(c).
5
Let j(n) = -5*n**2 + n. Let c(f) = 2*f**3 + 2*f**3 + f - 2*f**3 - 1 - f**2. Let d be c(1). What is j(d)?
-4
Let n(w) = 2*w**2. Let i(p) = -2*p**2 + p. Let j(u) = -4*i(u) - 3*n(u). Let k(y) = y. Let d be k(3). What is j(d)?
6
Let z(w) = -w**2 - w - 1. Let g(u) = u**2 - 1. Let h be g(-1). Calculate z(h).
-1
Let q(t) = -3 + 0*t**3 + 8*t**2 - 2*t**2 + t**3 - 6*t + 0. Calculate q(-7).
-10
Let l(x) = -x**2 + 1. Let s(q) = 2*q - 4. Let t(k) = l(k) + s(k). What is t(3)?
-6
Let x(k) = k - 13. Suppose 5*z = 1 + 29. What is x(z)?
-7
Let l(o) = 0 - 1 + 4*o**2 + 2*o**3 + 4 + 4*o. Let k = 4 - -1. Suppose 4*b + 4*r + r = -13, k*b - 4*r + 6 = 0. What is l(b)?
-5
Let z(f) = 2*f**2 + f + 2*f**2 + 0*f - 3*f**2. Let a(r) = -4*r**2 - r + 4. Let y(k) = a(k) + 3*z(k). What is y(5)?
-11
Let t(v) = v**2 + 7*v + 2. Suppose 2*g + 1 - 7 = 0. Suppose g*l = 4 - 22. What is t(l)?
-4
Let f(l) be the third derivative of -l**5/60 - l**4/12 + l**3/6 - l**2 - 41*l. Calculate f(-4).
-7
Let x(b) be the first derivative of -3*b**2 + 8. Calculate x(-2).
12
Let v(x) = -x. Let k(j) = 7*j - 4*j + 2*j. Let w(f) = -k(f) - 6*v(f). Give w(5).
5
Let o = 4 + 0. Suppose 0 = 4*i + 2*b - 0*b - o, 3*b = -12. Let h(y) = -2 + 3*y - 2*y - 2 - i. Determine h(6).
-1
Let z(l) = -7*l**2 + 3*l - 2. Let p(n) = -4*n**2 + 2*n - 1. Let y(v) = -5*p(v) + 3*z(v). Let a be y(-2). Let x(j) = -2*j**2 - 5*j - 4. What is x(a)?
-7
Suppose 11 = -5*y - 14. Let m(w) = w + 11. Give m(y).
6
Suppose 36 = -7*t - 6. Let f(d) = -d**2 - 8*d - 5. Determine f(t).
7
Let t(o) = o**3 + 3*o**2 - 2*o - 3. Let c(f) = -1. Let n(a) = -5*c(a) + t(a). Let v = 1 + 0. Let s be -2 - (1 - 0) - v. Determine n(s).
-6
Let p(a) = a + 1. Let x be p(-3). Let b = x - -3. Let o(q) = q - 4 + b + 2. Calculate o(4).
3
Let q(w) = 2*w + 2. Let d be q(-4). Let v(r) = 2*r**2 + 5*r - 1. Let o(f) = -f**2. Let n(k) = -o(k) - v(k). Determine n(d).
-5
Let x(h) be the second derivative of -6*h + 3/2*h**2 - 1/6*h**3 + 0. Calculate x(6).
-3
Let s(b) be the second derivative of -b**3/6 + b**2/2 + 4*b. Give s(-2).
3
Suppose -5*d - 3*z - 39 = 0, 0 = 2*d - 7*d - 5*z - 45. Let x(o) = -o - 8. What is x(d)?
-2
Let r = 163 + -158. Let y(c) be the third derivative of c**6/120 - c**5/10 + 5*c**4/24 + c**2. Give y(r).
0
Let r(c) = c + 1. Let q(n) = -n**2 + 4*n + 5. Suppose 4*h + 19 = -4*l + 5*l, -4*h - 4*l - 4 = 0. Let d(z) = h*r(z) + q(z). Give d(2).
-3
Let t(r) = r**2 + 8*r + 9. Let w be t(-7). Let g(x) = -x + 2 - 2*x**2 + x + 2*x. Give g(w).
-2
Suppose 3 + 0 = l. Let m(z) = 0*z - 4*z + l*z - 1. Determine m(-3).
2
Let v(l) be the second derivative of l**6/360 - l**5/40 - 5*l**4/24 + l**3 + 5*l. Let x(w) be the second derivative of v(w). Give x(4).
-1
Let s be 0/(6/(6 - 3)). Let u(o) be the first derivative of -1 + 0*o - 1/2*o**2 + 0*o**3 - 1/4*o**4. Calculate u(s).
0
Suppose -3*d - 2*w = -d, 3*w = -12. Suppose 0 = 5*v + 5*q + 20, 0*v - 18 = 2*v + d*q. Let y(a) = -8*a**3 + 1. What is y(v)?
-7
Let g(a) = -3*a**3 - 41*a**2 - 32*a + 24. Let t(d) = d**3 + 14*d**2 + 11*d - 8. Let u(c) = -6*g(c) - 17*t(c). Calculate u(-7).
6
Let z(o) = o**3 + 13*o**2 - 15*o - 14. Let j be z(-14). Let b(k) = 4*k + j*k - 2*k. Suppose -7*t = -4*t + 2*n + 2, -5*n = -2*t + 24. Calculate b(t).
4
Suppose 4*f + 6 - 18 = 0. Let z(o) = o - 6. Let b be z(f). Let l(g) = -g + 0*g - g - 4. Determine l(b).
2
Let q(z) = 2*z + 7. Suppose s = 5 + 12. Suppose -4*u = 7 + s. Determine q(u).
-5
Suppose 0 = -5*w - 4*h - 21, 0*w + h + 7 = -3*w. Let c(k) = -31*k**2 + 1. Calculate c(w).
-30
Let j(i) be the third derivative of -i**7/2520 + i**6/360 - i**5/20 - 3*i**2. Let l(m) be the third derivative of j(m). Calculate l(6).
-10
Let z(k) = 2*k**2 - 7*k + 2. Let u(m) = 6*m**2 - 8*m + 3. Let o(i) = 7*i**2 - 8*i + 3. Let w(f) = 3*o(f) - 4*u(f). Let g(y) = 3*w(y) + 4*z(y). Give g(-2).
3
Let l(c) = -c**2. Let k be (1/(-2))/(3/6). Give l(k).
-1
Let c(j) = -j**3 + 7*j**2 + j + 4. Let d(m) = 2*m**3 - 7*m**2 - m - 5. Let